-24)/1. Let d(o) = 2*o**3 - 8*o**2 - 2*o + 8. Let g be d(3). Let b = m + g. Calculate the greatest common divisor of 88 and b.
8
Suppose 0*d - d + 4 = 0. Suppose -r = -d, r = 4*c + 5*r - 28. Suppose s = i - 2*s - 18, c = -s. What is the highest common divisor of i and 9?
9
Let s be -75*(4 - -2 - 7). What is the greatest common factor of 600 and s?
75
Suppose 2*b - 122 = 70. What is the highest common divisor of 72 and b?
24
Let w be (-6)/60*-34 + (-2)/5. Suppose w = -h, 2*h - 3*h - 75 = -4*s. What is the greatest common factor of 30 and s?
6
Suppose -3450 = -30*q + 15*q. Calculate the greatest common factor of q and 10.
10
Suppose -5*m = -50 - 25. What is the greatest common divisor of m and 240?
15
Suppose -2*k + 326 = 4*s, -s = 2*s + 5*k - 227. What is the greatest common factor of s and 96?
12
Let y be (14 - (3 - 1))/((-2)/(-13)). What is the highest common divisor of y and 26?
26
Let w be ((-450)/375)/((-6)/340). Suppose 0 = -2*x - 3*x + 85. Calculate the highest common factor of x and w.
17
Let q(h) = 22*h - 1. Let j be q(1). Suppose 71*f + 2583 = 112*f. What is the highest common divisor of j and f?
21
Let s be 2 + (-1 - 0)/(-1). Suppose -g = s, -3*g = -0*j - j + 47. Suppose 8*w - 415 - 345 = 0. Calculate the greatest common factor of j and w.
19
Let n be ((-45)/(-25))/(3*3/45). Suppose -4*f + 2*d + 79 = 5*d, -5*d = -f - n. What is the greatest common divisor of 128 and f?
16
Let g = 19 - 12. Let v(j) = -j**3 - 8*j**2 + 8*j + 12. Let u(h) = h - 4. Let c be u(-5). Let m be v(c). What is the highest common divisor of m and g?
7
Let z be (-4212)/84 + 2/14. Let v = z + 32. Let x be v/4*14/(-3). What is the greatest common divisor of x and 7?
7
Suppose 5 + 1 = 3*c, -118 = -2*w - c. Suppose 3*x = f - 2*f + 38, w = 2*f - 3*x. Suppose 0 = -0*d - 4*d + f. Calculate the greatest common factor of 88 and d.
8
Let c = 123 - 111. Let v be 6/9*(-15)/(-2). Suppose -243 = -4*h + 3*y, -v*h - 2*y = -219 - 79. What is the greatest common divisor of c and h?
12
Suppose -33*u + 10179 = -24*u. Calculate the greatest common divisor of u and 87.
87
Let a = 74 - -10. Calculate the greatest common factor of a and 60.
12
Suppose -2*u + 6 = 4*d, -7*u + 2*u = d + 3. Suppose -152 + 18 = -d*m. Let l = m + -36. Calculate the highest common factor of 93 and l.
31
Let h = 17 + 31. Suppose 0*f - h = -f. What is the highest common factor of 12 and f?
12
Let j = -892 + 928. Calculate the greatest common divisor of j and 40.
4
Let p be 4/3*(-4 - -46). Let o = -19 + 159. Calculate the highest common factor of o and p.
28
Let v be (6 - -1) + 4/(-4). Suppose 0 = 6*t + v - 144. What is the greatest common divisor of t and 184?
23
Suppose 5*k = 2*z - 281, -3*z + 0*k + 427 = -2*k. Let r be z/39 + (-2)/(-6). Suppose c = r*c - 270. What is the highest common factor of 10 and c?
10
Suppose 0*v = 5*v - 2*b - 58, 0 = -3*b + 3. Let m = -2643 - -2659. What is the greatest common factor of v and m?
4
Let k be 10/35 - (-19)/7. Suppose k*s = y + 4*s - 32, -148 = -5*y - 2*s. Calculate the greatest common divisor of y and 224.
28
Suppose -5*m + 74 = -2*i, m = -2*m + 5*i + 52. Suppose 0 = -4*d + k + 46 + 98, 3*d = -3*k + 93. Calculate the highest common factor of d and m.
7
Let d be 998/14 - 4/14. Let f = 125 - d. Calculate the highest common divisor of f and 6.
6
Let c(g) = 37*g + 3. Let o be c(1). Let l = o + -30. Let i(r) = r**3 + 6*r**2 + 4*r. Let z be i(-5). Calculate the greatest common divisor of l and z.
5
Let b = -1315 + 1616. What is the highest common factor of 215 and b?
43
Suppose o + 3*a = 2*o - 111, -3*o = 4*a - 320. Let x be (-124)/(-2)*1/8*-4. Let p = x + o. Calculate the greatest common factor of 11 and p.
11
Suppose -2*d + 6*d - 560 = 0. Let m = d + 12. Calculate the greatest common divisor of 19 and m.
19
Suppose -9*z + 8*z = 4*o - 2, -4*o = 4*z - 68. What is the greatest common factor of 1562 and z?
22
Suppose 12 + 106 = o. Let p = 307 - o. What is the highest common factor of 21 and p?
21
Let j = -2 + 51. Let g = -35 - -37. Suppose -6*x + g + 40 = 0. What is the highest common factor of x and j?
7
Suppose 13*g - 551 = -6*g. Let d be 437*(-3)/(-15) + (-8)/20. What is the highest common divisor of d and g?
29
Suppose -2*b + 212 = 5*k, 2*k = -b + 23 + 61. Let i = 680 - 669. What is the highest common factor of k and i?
11
Let r = -1167 - -1636. Calculate the highest common factor of r and 7.
7
Suppose -3*m = -4*i + 89, 0 = i - 4*m - 6. Let o(h) = -h**3 - 7*h**2 + 11*h + 3. Let p be o(-8). Let t = 18 - p. Calculate the highest common factor of t and i.
13
Let a be (1/(-5))/1 - 1012/(-110). Let n(x) = -x**3 + 8*x**2 + 6*x + 38. Let t be n(a). Calculate the highest common factor of t and 187.
11
Let w(u) = u**3 - 12*u**2 + 5*u - 29. Let t be w(12). Let q = t - 23. What is the highest common factor of q and 56?
8
Let w = 5 - 1. Let j be (5/2)/(5/4). What is the greatest common factor of w and j?
2
Let h(y) = -y**2 + 9*y + 1. Let r be h(7). Suppose 5*n - 65 + r = 0. Calculate the highest common divisor of n and 110.
10
Suppose 2*i - 86 = 2*o, -4*o = 6*i - 4*i - 92. Calculate the greatest common divisor of 110 and i.
22
Suppose 2*t + 220 = 6*t. Let z = 91 + -195. Let q = z - -109. Calculate the greatest common divisor of t and q.
5
Suppose -16 = -3*j + 149. Let a(t) = -21*t - 103. Let l be a(-5). Suppose l*c = j - 5. Calculate the highest common divisor of c and 10.
5
Let o = -1546 - -1624. Calculate the greatest common divisor of o and 169.
13
Suppose -4*g - 131 = 2*b - 407, -3*b = -4*g - 374. What is the highest common factor of b and 78?
26
Let c(s) = -32*s**2 - 4 + 72*s**2 - 29*s**2. Let x be c(-2). What is the highest common divisor of 5 and x?
5
Suppose 176 = 4*l - 4*x, -2*l + 4*x - 34 = -114. What is the highest common factor of l and 108?
12
Suppose -3*m + 2*a - 387 = -1929, 5*a = -5*m + 2595. What is the highest common factor of 48 and m?
12
Let v be 44 + ((-2)/(-5)*5 - -2). Calculate the greatest common divisor of v and 96.
48
Suppose o - 3 = -2*z - 1, 4*o - 3*z = -25. Let c = 7 - o. What is the highest common divisor of c and 1?
1
Let n be 192/(-2)*(4/3 - 2). Let c = -51 + n. What is the greatest common divisor of 13 and c?
13
Let g = -44 - -48. Suppose 5*q = x + 129, -g*q - 24 = -x - 127. Calculate the highest common divisor of q and 39.
13
Let r be 9120/36*3/2. What is the greatest common factor of r and 60?
20
Let n be ((-80)/24)/(15/(-9) + 1). Suppose n*u - 61 = -4*m, 5*m + 4*u - 37 = 37. Calculate the greatest common divisor of m and 2.
2
Suppose -5*u = 5*v - 225, 0 = v + v + u - 86. Calculate the greatest common factor of 369 and v.
41
Let u be ((-8)/10)/((-28)/70). Suppose u*p - 150 = 202. Calculate the highest common factor of p and 16.
16
Let w be (4 - (-16 - -1))/1. Suppose -w + 8 = -p. What is the greatest common divisor of 1 and p?
1
Suppose 9*j + 12 = 7*j. Let q = -2 + j. Let g = 7 - q. Calculate the greatest common factor of 60 and g.
15
Let x(p) = -p**3 + 15*p**2 + 15*p + 21. Let k be x(16). Let d = k + -2. Suppose -128 = -d*s + 124. What is the highest common factor of 56 and s?
28
Let d(r) = 120*r**2 + 8*r - 12. Let i be d(2). Calculate the greatest common factor of 44 and i.
44
Suppose a + 2*a = -0*a. Let y be 122 + (4 + a - 1). Calculate the highest common divisor of y and 50.
25
Let p = -10 - -9. Let v be (-110)/(-10) + (-3)/p. Let h be 88/v + (-4)/14. Calculate the highest common factor of 2 and h.
2
Let k = -17 - -11. Let p(n) = 5*n + 41. Let o be p(k). Calculate the highest common factor of 11 and o.
11
Let j(i) = -i**3 - 13*i**2 - 38*i - 164. Let f be j(-11). What is the greatest common factor of 4308 and f?
12
Suppose -4*i + 33 = -i. Suppose -i*s + 131 = -760. What is the greatest common divisor of 9 and s?
9
Let p = -39 + 42. Suppose 4*t = 1 + p. Let r(v) = v**3 - 5*v**2 - 5*v - 4. Let a be r(6). Calculate the highest common divisor of t and a.
1
Let u(r) = 2*r**2 + 25. Let l be u(4). What is the highest common divisor of 12 and l?
3
Let o = 50 + -26. Let p(r) = 5*r**2 - 3*r + 12. Let g be p(3). What is the greatest common factor of g and o?
24
Suppose -776 = -6*t + 16. What is the highest common factor of t and 11?
11
Let i = 96 + 37. Calculate the greatest common divisor of i and 19.
19
Let s(r) = -r**2 - 3*r + 3. Let x be 0 - -4 - (5 + -